k**3. Let n be a(-6). Let w be ((-480)/42)/((-14)/49). Calculate the highest common divisor of n and w.
20
Suppose 3*q = 18 - 33, -8305 = -2*y - 3*q. What is the highest common divisor of 208 and y?
208
Suppose 4*y = -4*g + 47040, -40*g + 42*g = -4*y + 23520. Calculate the highest common divisor of g and 200.
40
Let a(i) = -8*i - 162. Let p be a(-22). Suppose 3*f - 3 = 3, -5*y + 5*f + 15 = 0. Suppose -y*g - 8 = -9*g. What is the highest common factor of p and g?
2
Let x be (27/6)/(1*6/408). Suppose 11*g - x + 108 = 0. Calculate the highest common factor of 48 and g.
6
Let g(p) = 2*p**2 + 5*p - 59. Let n be g(5). What is the greatest common divisor of n and 304?
16
Suppose 9*o + 52 = 13*o. Suppose -4*a = o - 41. Suppose 308 = z + 3*z. What is the highest common factor of z and a?
7
Let y be 1/((-4)/(-140)) - (31 - 26). Let j be 698/10 - (-4)/20. Calculate the greatest common divisor of j and y.
10
Let v(a) = 2*a**2 + 3*a - 26. Let o be v(4). Let n(d) = -278*d + 0 - d**2 - o + 302*d. Let u be n(20). Calculate the greatest common divisor of u and 31.
31
Let r = 3746 - 3190. Calculate the greatest common factor of 8 and r.
4
Let a(x) = x**3 - 4*x**2 - 91*x - 66. Let w be a(15). What is the greatest common factor of 576 and w?
36
Let c(k) = k**3 + 7*k**2 + 70*k - 1025. Let i be c(10). What is the highest common factor of i and 55?
55
Let n be (-4815)/5778*2676/(-10). What is the highest common divisor of n and 23861?
223
Let y = -4502 - -8828. Calculate the highest common divisor of 70 and y.
14
Let y = -35 + 41. Let z = -1020 - -1074. What is the highest common divisor of z and y?
6
Suppose a + 4747 + 305 = 5*t, -4056 = -4*t - 4*a. Calculate the highest common divisor of t and 3.
3
Let b = 5598 + -5566. Calculate the highest common factor of b and 218.
2
Suppose x = -6, -7*x = -3*i - 0*i + 14070. Calculate the greatest common factor of i and 14.
14
Let d(u) = -u**2 - 12*u - 14*u + 3 - 5*u**2. Let a be d(-4). What is the highest common factor of 11 and a?
11
Let j be (19 - 1)*(-45)/(-27). Let g be 19 + -2 + 9/3. What is the greatest common factor of j and g?
10
Suppose 70*j - 73*j + 4*g = 4, 5*g = 4*j + 4. Let b be (-6*9/(-12))/(j/544). Calculate the greatest common divisor of b and 18.
18
Let u be (-84)/(-7)*(1/3)/((-10)/(-100)). Calculate the highest common factor of u and 30.
10
Let g(l) = -l**3 - 14*l**2 + 29*l - 35. Let s = -228 - -212. Let i be g(s). Calculate the highest common divisor of i and 208.
13
Let z(x) = x**2 + 41*x + 194. Let t be z(-37). Let g be (t/(-6))/((-2)/84) - 0. Calculate the greatest common divisor of g and 46.
46
Suppose 21*i - 23*i - 3*z + 192 = 0, -4*i + 404 = z. Suppose -22*d + 56*d - i = 0. Calculate the highest common factor of d and 33.
3
Let h = 1245 - 1229. Suppose 4*d = -20, 2*v + 4*d = 7*v - 80. What is the greatest common factor of h and v?
4
Suppose 4*s = -4*u + 2*u - 150, -s + 5*u = 21. Let d = -88 + 131. Let h = d + s. What is the greatest common divisor of h and 63?
7
Let s(h) = -h**2 - 48*h - 130. Let l be s(-45). Suppose -l*n - 20 = 0, 5*n - 46 = -w + 30. Calculate the highest common divisor of 132 and w.
12
Let c(r) = -6 - 24*r - 62 + 8. Let d be c(-8). Calculate the highest common factor of d and 36.
12
Suppose 4830 = 237*i - 80*i + 73*i. Suppose 4*g = 3*g + 273. Calculate the highest common divisor of g and i.
21
Suppose 5*i - b - 1443 = 3100, -4*b = -8. Suppose 31*l - 193 = 117 - 31. What is the highest common factor of i and l?
9
Let x = 42569 - 42531. Let k(l) = -l**3 + 4*l**2 + l - 3. Let r be k(-3). Calculate the highest common factor of x and r.
19
Suppose 6*j + 220 = 4*o + 134, 28 = -4*j. Calculate the greatest common factor of o and 1595.
11
Suppose 5*f + 4 + 6 = 0. Let t = 7 - f. Let r(a) = a**3 + 14*a**2 + 22*a + 12. Let z be r(-12). What is the highest common factor of t and z?
9
Suppose 3*u + 1 = 13. Suppose -5*s - 178 = -3*k + 6*k, -u*s = 5*k + 314. Let a = 78 + k. What is the highest common divisor of 192 and a?
12
Let n = 129 - 126. Suppose n*h = 5*p + 150, -3*p = 5*h - 121 - 95. Suppose -h = -10*z + 7*z. What is the greatest common factor of z and 165?
15
Suppose 3*z - 480 = 3*y, 13*z - 16*z - 3*y = -492. What is the highest common divisor of 4 and z?
2
Let n(f) = 1294*f**2 - 192*f + 389. Let o be n(2). Calculate the highest common factor of o and 297.
33
Suppose -9 = -2*u - u. Suppose -5*x - 5*h + 681 = -134, 2*h = -14. Let n be x/14 + u/(-21). What is the highest common divisor of 6 and n?
6
Suppose 65*n - 21600 = 11188 - 7373. Let v = 23 + -6. What is the greatest common factor of n and v?
17
Suppose -266 + 90 = -11*q. Suppose 0 = 2*c - 62 + q. Let d = c - 11. What is the greatest common divisor of d and 48?
12
Suppose 5775 - 29954 - 18886 = -55*m. Calculate the greatest common factor of m and 116.
29
Let r = -487 - -493. Suppose 3*j - 41 = -2*p, 0 = j - 8*p + 3*p - 25. Let i be (3/(-2))/(j/(-20)). What is the highest common divisor of i and r?
2
Let a(l) = -27*l + 250. Let q be a(4). Calculate the highest common divisor of q and 11999.
71
Suppose 20*h = -4*a + 19*h + 2972, a - 748 = h. What is the highest common factor of 279 and a?
93
Let j be ((-1908)/(-90))/(2*(-2)/(-1880)). Calculate the highest common factor of j and 94.
94
Suppose -3*g + j = 3*j - 15, 2*g = 4*j + 10. Calculate the greatest common divisor of g and 127.
1
Let i be (-7 + (-321)/(-15))/((-6)/(-105)). What is the greatest common divisor of 2688 and i?
84
Let s(r) = r**2 + 4*r + 14. Let t be s(13). Let b = 33 - 70. Let x = b + t. What is the greatest common factor of 18 and x?
18
Suppose c = 2*c - 13. Suppose -t + 7 = -c. Suppose -45*g + t = -41*g. Calculate the greatest common divisor of g and 45.
5
Let s be 242 + (6 - 5) + 8 + -2. Calculate the highest common divisor of s and 1909.
83
Suppose t - 3*s = 109, 56*t + s - 545 = 51*t. What is the greatest common factor of t and 1?
1
Let m be ((-90)/(-25))/(3/110). Let n be -4 + -8 + 14 - -86. Calculate the greatest common factor of m and n.
44
Suppose 4*g = 5*d + 610, 2*d + 189 = -2*g + 521. What is the highest common divisor of 640 and g?
160
Let u = -2246 + 2263. Calculate the greatest common factor of 6851 and u.
17
Let y = -1018 - -1511. Suppose h = -3*a + 14, 3*h - a = 55 - 3. Calculate the highest common divisor of y and h.
17
Let c = 7 + 2837. What is the highest common divisor of c and 36?
36
Suppose m - w = 269, 348*w - 343*w + 801 = 3*m. Calculate the greatest common divisor of m and 646.
34
Let y(k) = -5*k**3 - k**2 + 3*k + 3. Let o be y(-1). Suppose -o*q + 7*q - 1501 = 4*u, -2483 = -5*q + 2*u. Calculate the greatest common factor of q and 15.
15
Suppose -n + 6 = -112. Let l(b) = -2*b**3 - b + 130. Let q be l(0). Let s = q - n. What is the greatest common divisor of s and 156?
12
Let m(p) = 9*p - 835. Let b be m(116). What is the highest common factor of 551 and b?
19
Suppose 0 = -10*h + 27*h + 45*h - 23312. What is the greatest common divisor of h and 282?
94
Suppose f - 322 = -5*t - 0*f, 0 = 2*t + 3*f - 134. Suppose 7*l - 104 - 36 = 0. Let r be (1620/16 - 4) + (-25)/l. What is the greatest common divisor of t and r?
32
Suppose -8*u + 73787 = -3*s, -2*u - 36862 = -6*u - 2*s. Calculate the greatest common divisor of u and 140.
20
Let s(i) = -543*i - 8467. Let j be s(-16). What is the highest common divisor of j and 493?
17
Let f = 10 - -10. Suppose -50*r + 5366 = -3134. What is the greatest common factor of r and f?
10
Let s = -26 + 35. Suppose 0*k - 2*k - 72 = 0. Let g = 27 - k. What is the highest common divisor of s and g?
9
Let k be 2*(-4 - (-2 + -3)). Suppose 15*d - 2*l = 11*d + 118, k*d + 3*l = 79. Calculate the highest common factor of 128 and d.
32
Let g(h) = 2*h**2 + 17*h - 305. Let l be g(9). What is the highest common divisor of 1010 and l?
10
Suppose 44*g = 130 + 90. Let j be 2/(-3)*(-79 + g + -1). What is the highest common divisor of 2 and j?
2
Suppose 15*f - 6*f + 315 = 0. Let o = f - -37. Suppose b - o*q = 46 - 6, -2*b + q = -68. Calculate the highest common divisor of 48 and b.
16
Let j be -8 + 2 + (-5 - -33). Suppose -5*u + 2*g + 871 = 0, -j*g + 873 = 5*u - 23*g. What is the greatest common factor of u and 50?
25
Suppose 3*o - 49 = 2*n - 3*n, 2*o + 24 = n. What is the greatest common divisor of n and 11611?
17
Let z be 1/(1260/(-632) 